101000
Convert -40254 (base 6) to base 4.
-1102222
What is 224500 (base 6) in base 14?
6dc8
What is -4ef9 (base 16) in base 2?
-100111011111001
What is -10101 (base 5) in base 16?
-28b
-506 (base 13) to base 14
-44b
Convert 7774 (base 9) to base 15.
1a77
Convert 1267 (base 8) to base 14.
379
What is -901 (base 10) in base 15?
-401
-30132 (base 4) to base 12
-566
What is 1000010100 (base 2) in base 7?
1360
Convert 11001001010 (base 2) to base 8.
3112
What is 19f0 (base 16) in base 14?
25c4
1759b (base 13) to base 11
30820
3597 (base 11) to base 8
11140
Convert 256 (base 7) to base 12.
b7
Convert -3210 (base 16) to base 9.
-18520
-709 (base 11) to base 5
-11411
12035 (base 8) to base 7
21004
-ca0 (base 13) to base 11
-1692
-14c (base 13) to base 5
-1413
What is -11001001011001 (base 2) in base 12?
-7561
Convert 400a (base 11) to base 10.
5334
Convert -1000111100101110 (base 2) to base 16.
-8f2e
42434 (base 6) to base 3
21221011
-2312202 (base 4) to base 9
-17020
31206 (base 10) to base 13
11286
What is -27cb8 (base 13) in base 2?
-10010001110111000
11022 (base 3) to base 2
1110100
-1532 (base 7) to base 3
-211122
What is 4566 (base 7) in base 15?
760
Convert 373 (base 11) to base 2.
110111011
1102012100 (base 3) to base 14
a210
-2667 (base 9) to base 12
-11b1
4262 (base 12) to base 2
1110001101010
What is -781 (base 16) in base 12?
-1141
-7260 (base 8) to base 12
-2214
What is -192 (base 12) in base 16?
-fe
What is -1361 (base 15) in base 2?
-1000000101101
What is -412 (base 7) in base 2?
-11001101
What is -352 (base 13) in base 12?
-3ba
-100 (base 3) to base 8
-11
-1246 (base 11) to base 16
-657
-11101000100 (base 2) to base 5
-24420
Convert -4023 (base 6) to base 4.
-31233
56327 (base 9) to base 13
14077
What is 35366 (base 8) in base 7?
62002
What is 102133 (base 4) in base 11?
986
What is 100331 (base 7) in base 8?
41120
What is 367 (base 9) in base 16?
130
Convert -2101 (base 10) to base 7.
-6061
Convert -44a6 (base 16) to base 3.
-220002220
What is -364 (base 16) in base 8?
-1544
-14d (base 15) to base 11
-251
1101 (base 5) to base 13
b8
What is 1155 (base 6) in base 10?
287
What is 43420 (base 5) in base 14?
1133
What is 2e6 (base 16) in base 12?
51a
What is 100110001111110 (base 2) in base 7?
111043
-1002000 (base 3) to base 9
-1060
3442 (base 7) to base 2
10011100111
Convert 3322303 (base 4) to base 2.
11111010110011
What is -3a47 (base 16) in base 8?
-35107
102002 (base 4) to base 8
2202
What is 1a458 (base 13) in base 5?
3120110
Convert 41 (base 12) to base 8.
61
-88 (base 14) to base 8
-170
What is -2443 (base 10) in base 15?
-acd
-17685 (base 10) to base 3
-220021000
Convert 212e (base 16) to base 8.
20456
Convert -26bd (base 14) to base 11.
-5150
Convert 479a (base 16) to base 13.
8460
Convert -1003421 (base 5) to base 2.
-11111011101111
-1d0c (base 14) to base 8
-12270
What is -24636 (base 9) in base 14?
-6069
What is -34486 (base 9) in base 14?
-854d
What is 10040 (base 6) in base 10?
1320
Convert -1711 (base 14) to base 3.
-12200000
What is -12266 (base 12) in base 3?
-1020200120
Convert -227 (base 13) to base 5.
-2441
What is -16d (base 14) in base 6?
-1205
2622 (base 8) to base 2
10110010010
1928 (base 14) to base 6
33012
Convert -3207 (base 11) to base 13.
-1c14
What is -2ac3 (base 13) in base 3?
-22120020
What is -1010001100011100 (base 2) in base 11?
-29410
11825 (base 10) to base 3
121012222
What is 110100101001 (base 2) in base 9?
4553
What is -20622 (base 8) in base 6?
-103442
What is 50131 (base 6) in base 15?
1e0a
Convert 4244 (base 6) to base 2.
1111000100
-1407 (base 13) to base 16
-b40
Convert 3811 (base 9) to base 5.
42340
Convert 1a8b (base 12) to base 4.
303023
What is 4b (base 12) in base 7?
113
-162 (base 9) to base 8
-211
What is 332 (base 15) in base 12?
502
Convert -13cc (base 15) to base 10.
-4242
What is 10011100101010 (base 2) in base 10?
10026
What is 17541 (base 8) in base 2?
1111101100001
Convert -30b2 (base 14) to base 2.
-10000011000100
-2b3b (base 14) to base 4
-1320101
Convert -3853 (base 14) to base 2.
-10011010010001
1045 (base 10) to base 11
870
-3320 (base 8) to base 16
-6d0
What is 14a (base 14) in base 5?
2022
Convert 557 (base 15) to base 2.
10010110111
10313 (base 6) to base 4
112011
What is 136 (base 7) in base 16?
4c
What is -299 (base 10) in base 7?
-605
What is 3122 (base 8) in base 3?
2012221
Convert -2424 (base 7) to base 5.
-12100
-1237 (base 15) to base 3
-12022121
-1000011011000111 (base 2) to base 13
-12921
What is 987 (base 13) in base 2?
11001100000
Convert -423 (base 5) to base 2.
-1110001
-2210201000 (base 3) to base 9
-83630
514 (base 9) to base 3
120111
1212120 (base 3) to base 13
810
-11323220 (base 4) to base 10
-24296
Convert -6514 (base 8) to base 13.
-171b
315233 (base 6) to base 11
18422
-903 (base 12) to base 13
-78c
What is 441 (base 8) in base 12?
201
Convert -10102002022 (base 3) to base 16.
-1063a
What is -14182 (base 10) in base 16?
-3766
314a (base 11) to base 4
1001020
What is -3904 (base 12) in base 7?
-24622
723 (base 11) to base 16
368
What is -12110 (base 3) in base 7?
-300
-11274 (base 8) to base 3
-20120122
-855 (base 15) to base 10
-1880
Convert 41 (base 11) to base 5.
140
-1020211 (base 3) to base 13
-553
11322 (base 5) to base 8
1505
Convert 6410 (base 8) to base 10.
3336
4161 (base 7) to base 13
888
-414c (base 13) to base 14
-3405
What is -11212111 (base 3) in base 4?
-313132
What is b83 (base 13) in base 15?
8b1
Convert -111252 (base 6) to base 9.
-13785
What is 21012 (base 3) in base 9?
235
What is 31421 (base 5) in base 6?
13435
Convert -1060a (base 12) to base 7.
-120001
-10001 (base 2) to base 10
-17
Convert 370 (base 14) to base 11.
574
Convert 5f10 (base 16) to base 8.
57420
What is 604 (base 16) in base 11?
1180
2117 (base 9) to base 12
a97
33111 (base 4) to base 13
5a6
-35454 (base 6) to base 14
-1c38
What is -15646 (base 8) in base 10?
-7078
Convert -2187 (base 12) to base 9.
-5064
Convert 17115 (base 11) to base 15.
7215
What is 1011 (base 3) in base 15?
21
What is 11210 (base 3) in base 9?
153
-13406 (base 8) to base 10
-5894
What is 47342 (base 8) in base 10?
20194
Convert 252224 (base 6) to base 10.
22552
What is -33450 (base 6) in base 8?
-11146
14211 (base 8) to base 6
45025
What is -200220 (base 3) in base 7?
-1326
400 (base 9) to base 2
101000100
774 (base 8) to base 3
200211
Convert 36d (base 14) to base 3.
221101
What is -1114 (base 8) in base 5?
-4323
86260 (base 9) to base 13
1cc98
Convert ba4 (base 13) to base 9.
2654
Convert 3455 (base 6) to base 2.
1100111011
Convert 6 (base 14) to base 4.
12
-4403 (base 5) to base 6
-2443
What is -406 (base 11) in base 12?
-34a
10201002202 (base 3) to base 12
36292
Convert -4210 (base 7) to base 15.
-687
Convert 10010000001 (base 2) to base 10.
1153
Convert 544 (base 8) to base 10.
356
What is -a2 (base 14) in base 4?
-2032
What is 274 (base 11) in base 13?
1bb
Convert 416 (base 9) to base 15.
179
481 (base 12) to base 10
673
Convert -9a0 (base 12) to base 15.
-646
779c (base 15) to base 10
25347
452 (base 10) to base 2
111000100
What is 24ea (base 16) in base 15?
2c00
What is -996 (base 13) in base 6?
-11340
What is 6546 (base 9) in base 14?
1a85
224 (base 12) to base 7
631
-10aa (base 11) to base 2
-10110101011
Convert -9092 (base 12) to base 14.
-59ca
What is 3748 (base 13) in base 14?
2bd8
What is 20c (base 13) in base 5?
2400
What is -b60 (base 12) in base 2?
-11001111000
Convert 11012 (base 4) to base 11.
277
Convert -2838 (base 11) to base 5.
-104141
546b (base 13) to base 6
130222
100110000010010 (base 2) to base 6
230054
Convert 256323 (base 7) to base 5.
3012331
-2a59 (base 14) to base 9
-11283
6284 (base 11) to base 7
33154
1110001101101101 (base 2) to base 10
58221
-10100 (base 3) to base 7
-156
Convert 10222022 (base 3) to base 13.
141b
-1b3a (base 16) to base 8
-15472
Convert -1201002 (base 3) to base 10.
-1244
Convert -211130 (base 5) to base 2.
-1101110000000
-4651 (base 10) to base 12
-2837
What is -405203 (base 7) in base 10?
-69044
What is -7417 (base 11) in base 4?
-2121123
Convert 1243 (base 7) to base 14.
25a
Convert 1524 (base 8) to base 12.
5b0
-44070 (base 11) to base 10
-63965
Convert 434 (base 15) to base 2.
1110110101
11011111 (base 2) to base 14
11d
Convert 